= -40 - -46. Let u(v) = -v**2 + 2*v + 7. Give u(f).
-17
Let c(v) be the first derivative of -v**3/3 + 5*v**2/2 + v + 2. Suppose -q + 10 = -3*q. Let w = 9 + q. Determine c(w).
5
Suppose -3*q - 6 = 2*w, -7*w - 8 = 4*q - 3*w. Let k(u) = 2*u + 1. Calculate k(q).
-3
Let c(n) = n**2 - 4*n + 3. Let o = 5 - -1. Let i = o + -1. Suppose 3*x - 7 - i = -3*b, 0 = 5*x + 3*b - 16. Determine c(x).
-1
Let t(x) = 11*x + 20. Let q(n) = -4*n - 7. Let o(s) = -8*q(s) - 3*t(s). Let c(h) = -h**3 - h**2 + 7*h - 5. Let f be c(2). Determine o(f).
-1
Let u = 7 - 5. Let g = u - 0. Let p(d) = 0*d**3 + 0*d**3 - 3 - d**3 + 6 + d - 3*d**g. Calculate p(-3).
0
Let v(w) = -17*w**3 - 5*w**2 - 4*w - 4. Let x(l) = 4*l**3 + l**2 + l + 1. Let p(d) = 2*v(d) + 9*x(d). Suppose k + 3 = 0, -k = 11*c - 9*c + 5. Give p(c).
-3
Let g(v) = 7*v**2 + 15*v + 3. Let m = -2 - -4. Let p(y) = 3*y**2 + 7*y + 2. Let c(l) = m*g(l) - 5*p(l). Determine c(-5).
-4
Let x = 2 + -4. Let q(c) = -c**2 - 33*c + 94*c - 29*c - 34*c. Give q(x).
0
Let h(v) = -v + 3. Let f(w) = 2*w - 5. Let k be f(4). Determine h(k).
0
Let s(p) = 2*p**2 - p - 15. Let l(j) = j**2 - j - 8. Let z(i) = -5*l(i) + 3*s(i). What is z(-4)?
3
Let x(q) be the first derivative of -q**2/2 - 3*q - 17. What is x(3)?
-6
Let q(g) = -g**2 - 9*g - 5. Let k be q(-9). Let h(i) = i + 4. Determine h(k).
-1
Let h(x) = -x**3 - x**2 + 3*x + 3. Let y(v) = -v**3 - 8*v**2 - v - 7. Let r be y(-8). Suppose -g = 2 + r. Give h(g).
12
Let b(r) = 5*r + 3*r - r - 2*r - 1. Calculate b(-2).
-11
Suppose 5*q + 14 = -2*q. Let r(w) = w**3 + 2*w**2 - 2*w - 1. Give r(q).
3
Let c(o) = -4*o + 30. Let b be c(8). Let z(r) = r**2 + 0*r**2 - 3*r**2 + 2 - r - 1. What is z(b)?
-5
Suppose 3*f = -0*f + 3. Suppose n - f - 4 = 0. Let u(y) = -5*y + 5*y + 2*y + n*y. Calculate u(1).
7
Let k(u) be the first derivative of -u**4/4 - 7*u**3/3 + 9*u**2/2 - u + 54. Determine k(-8).
-9
Suppose 3*z + 21 = -4*z. Let d(m) = -m**2 - 4*m - 3. What is d(z)?
0
Let u(b) = 6*b**2 + 0*b - b - 5*b**2 - 3*b**2. Determine u(1).
-3
Suppose -10*i + 11*i = 0. Suppose 5*c + 0*c - 35 = i. Let r(h) = h - 5. What is r(c)?
2
Let u(x) = -x**2 - 9*x - 5. Let g be u(-9). Let f(m) = m - 2. Determine f(g).
-7
Let z(o) = 3*o - 5. Let s = -52 - -56. What is z(s)?
7
Let v(q) = 7*q + 17. Suppose -4*k = -2*s + 22, -2*s - 5*k = -k + 2. Let r(y) = -11*y - 26. Let x(w) = s*r(w) + 8*v(w). Give x(-6).
0
Let k(u) = -u**3 - 5*u**2 - 3*u - 2. Let l be 3*2/3*-1. Let r(p) = 0 - 2 - 11*p**2 - 5*p - 3*p**3 - 1 - p. Let q(s) = l*r(s) + 5*k(s). Calculate q(4).
0
Let z be (-2 - 0/4)/2. Let l(i) = 8*i - 1. What is l(z)?
-9
Let p(o) be the third derivative of -o**5/60 - 7*o**4/24 - o**3/2 + 6*o**2. Determine p(-7).
-3
Let h(k) = 3 + 1 + k**3 - k**2 + 1. Let b(w) = -2*w + 4. Let v be b(0). Suppose -5*y = -4*d - 12, 3*y - 4*d = 8 + v. Give h(y).
5
Let b(o) be the third derivative of o**4/24 + o**3/6 - o**2. Calculate b(-3).
-2
Let r(i) = i - 1. Suppose z + 26 = 69. Suppose 2*a + z = -3*p + 8, -4*p = 3*a + 50. Let m = 6 + a. Give r(m).
-5
Let x(m) = -1 + 1358*m - 3*m**2 - m**3 - 1358*m. Calculate x(-2).
-5
Let v(r) = -5*r**3 - 4*r**2 + 3*r - 8. Let w(z) = -11*z**3 - 7*z**2 + 7*z - 16. Let k(q) = -9*v(q) + 4*w(q). Give k(-8).
0
Let a(g) = -3*g**2 - 4*g - 1. Let z(x) = -x**2 - 2*x. Let y(c) = c**3 - 6*c**2 - 5*c - 9. Let m be y(7). Let j(k) = m*z(k) - 2*a(k). Calculate j(2).
2
Let v = -7 - -3. Let r(b) = -7*b**2 + b - b**3 + 5 + 9*b**2 - 6*b**2. Determine r(v).
1
Let i(w) = 1 + 7*w - 3 + w**2 - 2*w. Let o(g) = 2*g**2 + 11*g - 5. Let x(b) = 7*i(b) - 3*o(b). Give x(-3).
4
Let y(a) = 3*a**2 + 3*a + 2. Suppose -9*t = -6*t + 6. Calculate y(t).
8
Let v be 10/(-8) + 2/8. Let b(m) be the third derivative of 0*m**5 + 0 - 1/15*m**6 + 1/24*m**4 + 0*m**3 + 0*m + 3*m**2. Determine b(v).
7
Let z(a) be the third derivative of a**6/60 - a**5/60 - a**2. Suppose -4*m = -2*r + r + 6, -r + 5*m = -7. Let k be (-10)/8 + r/8. What is z(k)?
-3
Let r be (0 - (-4)/12)*3. Let c(l) = r - 1 - 5 + 2 - l. Determine c(3).
-6
Let u be ((-10)/6)/(2/(-6)). Suppose u*a + 2*y = 0, 0*a - 5*y - 27 = -a. Let v(q) = -5*q - 9*q**a + 5*q. Determine v(1).
-9
Let g = -15 - -11. Let h(a) = a**3 + 3*a**2 - 6*a - 6. Determine h(g).
2
Let q(v) = 37 + 13 - 2*v - 48 - v**2. Give q(3).
-13
Let k(i) = i + 8. Let m = -27 + 27. Calculate k(m).
8
Let n(b) be the third derivative of b**5/60 + b**4/6 - b**2. Let m = 4 - 2. Suppose q + 1 = -m. What is n(q)?
-3
Suppose -6*b + 3 + 3 = 0. Let a(q) = 13*q**3 + 1. What is a(b)?
14
Let o be (-20)/(-6) + 2/(-6). Let r(a) = -7 + 0*a**2 + o - a + a**2 - 4*a. Determine r(6).
2
Let p(r) = r**2 + r - 1. Let o be (-3*(1 + 1))/1. Let c be (-5)/((-10)/o) - -3. Calculate p(c).
-1
Let b(t) = t**3 + 10*t**2 + 8*t - 4. Let j = -47 - -38. Determine b(j).
5
Let m(g) = 4*g - 2. Let x(i) = 2*i - 2. Let n(f) = 3*m(f) - 4*x(f). Determine n(-2).
-6
Let n(l) = l - 2. Let r = -16 - -22. What is n(r)?
4
Let y(b) = 25 - b**2 - 8 - 13 - 4*b. What is y(-4)?
4
Let r(t) = t + 2. Let p be r(-8). Let x(w) be the first derivative of w**4/4 + 2*w**3 - w**2/2 - 8*w - 2. Calculate x(p).
-2
Suppose 7 = -3*v + r, -2*v - r - 8 = 5. Let x(s) be the first derivative of s**3/3 + 3*s**2/2 - 2*s + 1. Calculate x(v).
2
Let b(m) be the second derivative of 1/15*m**5 - 1/6*m**4 + 1/120*m**6 + 0 + 1/2*m**2 - m + m**3. Let w(u) be the first derivative of b(u). Calculate w(-5).
1
Suppose -11*s - 6 = -8*s. Let n(d) = d**3 + 1. Calculate n(s).
-7
Suppose 3*q - 5 = 4*n - 0, -20 = 4*n. Let y(b) = -b**2 - 7*b - 4. Give y(q).
6
Let s(w) = w + 5. Let h be (3 + 0 + -3)/(-3). Determine s(h).
5
Let k(p) = p**3 - 8*p**2 + 7*p + 1. Let z be (-9 + 11)/(-1 - 27/(-21)). Calculate k(z).
1
Let x = 16 - 7. Let t(k) = -k - 2. Determine t(x).
-11
Let v(l) = l**2 - 6*l + 3. Suppose -94 + 100 = r. What is v(r)?
3
Let v(u) = u**2 + 4*u + 6. Let p(r) = -r**3 + 2*r**2 + r + 2. Let q = -5 - -8. Let c be p(q). Calculate v(c).
6
Let i(c) = -3*c - 2*c**2 + 0*c - 8 + 9. What is i(-3)?
-8
Let a(p) = p**3 - 8*p**2 + 17*p - 7. Let g be a(4). Let o(w) = -2*w**2 - 4*w + 1. Give o(g).
-5
Let o(c) = c + 2. Let v be -4 + 0/(-3*1). Let u be (-17)/v - (-2)/(-8). What is o(u)?
6
Let x(y) = 0 - 1 - 1 + 0*y + 5*y. Let z be 0/(-11) + (-1 + 0 - -3). Calculate x(z).
8
Let b(l) = 5*l + 18. Let h(q) = 4*q + 17. Let v(x) = 3*b(x) - 4*h(x). Give v(0).
-14
Let d(f) be the first derivative of -f**3/3 - f**2/2 - 12*f - 2. Let o(x) = -x**3 - 8*x**2 + 8*x - 9. Let h be o(-9). Calculate d(h).
-12
Let r(u) = 3*u**2 + 8*u + 20 - 4*u**2 - 27. What is r(6)?
5
Let t(y) = -3*y + 2. Let b be (-1*2)/((-1)/2). Suppose -25 = b*s - 73. Suppose -5*w = -o - 15, 4*o - 2*o + s = w. Give t(w).
-4
Let l be 5 + (-365)/75 + (-47)/15. Let j(i) = i**2 + i. Give j(l).
6
Suppose 7*s + 3*a - 13 = 3*s, -4*a = -3*s + 41. Let h(g) = -s - 3*g + g + 6. What is h(2)?
-5
Let w be 98/(5 + (-3)/1). Let a = w + -33. Suppose 4 = -3*o - 2*u + u, 5*o - 3*u = -a. Let v(g) = -2*g - 1. What is v(o)?
3
Let a(x) = -4*x - x + 0*x + x**2 - 1. Let z(i) be the third derivative of -i**6/120 + i**5/15 + 2*i**3/3 - 3*i**2. Let v be z(4). What is a(v)?
-5
Let m(b) = 3*b + 0 - 3 + 1 - 1. Determine m(3).
6
Let k be 1*(0 + 2 - 2). Let x(f) = -f**2 - 3*f**2 - 5*f**2 + k*f**2. Suppose 0*w + 2*w = -2. What is x(w)?
-9
Suppose 2 = -b + 4*h - 3, 0 = -4*h + 12. Let m(f) = f**3 - 7*f**2 + 2. What is m(b)?
2
Let l(r) be the third derivative of r**5/60 + r**4/3 + 3*r**3/2 - r**2. Give l(-6).
-3
Let h be (-16)/2*(-10)/20. Let q(k) = -k - h*k + 6*k + 0*k. Give q(0).
0
Let d(n) = -4*n - 1 - 1 + 2*n - 1. Calculate d(6).
-15
Let w(m) = -m**3 + 6*m**2 - 6*m + 5. Let a(h) = -h**2 + 4*h. Let u be a(3). Let g = u + 2. What is w(g)?
0
Let j = 0 + -1. Let r(w) = -67*w + 23*w + 25*w + 20*w + 1. Determine r(j).
0
Let w(s) = -8*s**3 + 26*s**2 + s - 4. Let f(x) be the third derivative of -x**6/40 + 3*x**5/20 - x**3/6 - 3*x**2. Let t(i) = -11*f(i) + 4*w(i). Calculate t(-4).
-5
Let y(k) = k. Let c(w) = 6*w - 4. Let a(j) = 2*c(j) - 14*y(j). Suppose 8*m - 10*m = 0, 3*d + 21 = -3*m. What is a(d)?
6
Suppose m - 4 = -0. Let k = -6 + 8. Let i(j) = 7*j + 3*j**k - 5 + j**3 + 0 - 2*j**3 - j. Give i(m).
3
Let u be 166/(-12) - 1/6. Let b = 23 + u. Let s = 4 - b. Let y(d) = -d - 5. Calculate y(s).
0
Suppose -2 = -n + 2. Suppose -n*f - 2 = -5*f. Let b(